on divisor of r and 96?
8
Let p be 2 + -2 + 1 - -80. Let m = -97 - -151. Calculate the greatest common divisor of m and p.
27
Suppose 2*a + 2*a = 76. Let g(x) = -9*x - 49. Let l be g(-16). Calculate the highest common factor of l and a.
19
Let j = -7 - -9. Suppose -v - 2 = -j*v. Suppose 0 = 3*q - v*u - 31, -4*q - 3*u = -0*q - 30. Calculate the greatest common factor of q and 63.
9
Let k(h) be the third derivative of 8*h**5/15 - h**4/12 + h**3/6 + h**2. Let m be k(1). Suppose -5*u - m = -101. What is the greatest common factor of 70 and u?
14
Let f(z) = 8*z**3 - 2*z**2 - 4*z + 6. Let i be f(2). What is the greatest common divisor of 4 and i?
2
Suppose -7 = -j - 3, 3*j = -4*g - 20. Suppose 0 = 2*z - 4*f + 20, 3*z + 10 = -5*f + 2. Let t be (g/z)/(8/36). What is the highest common factor of 24 and t?
6
Suppose -11 = -8*r + 13. Suppose -4*s + 248 = 2*m, -r*m = -8*m - 4*s + 638. What is the greatest common factor of 26 and m?
26
Let j = 248 + -73. Suppose -4*u + 125 = 5*h, -2*u + 7*u + 125 = 5*h. What is the greatest common factor of h and j?
25
Let m(l) = l**3 - 7*l**2 + l + 11. Suppose -4*g = -3*s + 21, -5*s + 2*g = -1 - 34. Let b be m(s). Calculate the highest common factor of 144 and b.
18
Let q = 11 + -7. Suppose 3*u - q*n - 162 - 29 = 0, 2*u + 4*n = 94. What is the greatest common divisor of 76 and u?
19
Let v be 78 + (-66)/24 + 2/(-8). Suppose 465 = 15*u - v. What is the greatest common divisor of u and 4?
4
Suppose -3*l + 19 = 5*x, -3*x - 1 + 7 = 0. Calculate the greatest common divisor of 57 and l.
3
Suppose -3*i - 9 = 3*b, 2*i - b - 3 = 6. Let x(c) = 5*c**2 - 2. Let o be x(i). Let f be 24/(-28)*-4*21 - 0. What is the greatest common divisor of f and o?
18
Suppose 29*y - 41*y + 25092 = 0. Calculate the highest common factor of 51 and y.
51
Let k be (-3563)/(-28) - -3 - (-4)/(-16). Calculate the greatest common divisor of 338 and k.
26
Let q be (-769 - (-11 - -7))*(0 - 1). What is the greatest common divisor of 45 and q?
45
Suppose -3*q + 396 = -198. Suppose 0 = -9*d - 2*d + 198. Calculate the highest common factor of d and q.
18
Let w = 639 - 279. Calculate the greatest common factor of w and 160.
40
Suppose -12 - 3 = 5*b. Suppose 226 = -4*o + 2*o. Let k be 1/b*3 - o. Calculate the highest common divisor of k and 14.
14
Let q(o) = -o**3 - 5*o**2 + 9*o - 4. Let g be q(-7). Let l = g + -26. Let n be 55/(-3)*6/(-2). What is the highest common factor of l and n?
5
Suppose -973 = -11*v - 71. Calculate the highest common factor of v and 41.
41
Let s be (-213 + -1)/(-2) - -10. Calculate the greatest common divisor of 65 and s.
13
Suppose -4*w + 9*w - 310 = 0. Suppose -11*t + w + 136 = 0. What is the highest common factor of 12 and t?
6
Suppose -35 = -4*g + 9*g. Let q be (g - -2)*(-84)/5. Let w(k) = 14*k**2. Let v be w(-1). What is the greatest common divisor of v and q?
14
Let c = -461 + 1202. Calculate the greatest common factor of 57 and c.
57
Suppose 4*u = 16, 296 = 4*m + 5*u - 228. What is the highest common divisor of m and 2?
2
Suppose 35*s - 26*s = 2016. Calculate the highest common factor of 280 and s.
56
Suppose -5*s = -4 - 11. Suppose -z = 2*l - 171, -186 = -s*l + z + 63. What is the highest common divisor of 12 and l?
12
Let s(z) = -6 + 0*z**2 - z + 0*z + z**2. Let y be s(6). Let q be (-6)/57 + 3712/608. Calculate the greatest common factor of y and q.
6
Let j = -28 + 57. Let m = 172 + -148. Let a = j - m. Calculate the greatest common factor of a and 15.
5
Let q = 266 - 255. Calculate the greatest common factor of 352 and q.
11
Let u(l) = -30*l + 2*l**2 - 25*l + 1 + 48*l. Let z be u(-7). What is the highest common divisor of z and 37?
37
Let d = -91 - -35. Let h be (2/(-4))/(2/d*1). What is the highest common divisor of h and 112?
14
Let p = -156 - -234. Calculate the highest common divisor of p and 6.
6
Let n be 66/(-5)*(-22 + 4/2). Calculate the highest common factor of n and 429.
33
Let b be 22/99 + (-4273)/(-9). Calculate the greatest common divisor of 57 and b.
19
Suppose -10*c + 6*c + 76 = 2*y, -5*c = 3*y - 112. Let p be (3/(-2))/(3/(-544)). What is the greatest common factor of y and p?
34
Let c(h) = h**2 + 16*h + 54. Let t be (-9 + -4 - 1) + 2. Let j be c(t). Suppose 216 = 5*a - a. Calculate the highest common factor of a and j.
6
Suppose -2*j + 31 = 25, 2*i - 2*j = 1736. Calculate the greatest common factor of 13 and i.
13
Let s = -78 - -77. Let a be (980/(-42))/((2/6)/s). Calculate the greatest common divisor of 20 and a.
10
Suppose 22*y = -778 + 4540. Calculate the greatest common divisor of y and 114.
57
Let k be ((-26)/(-12) - 2) + (-36700)/(-120). Calculate the highest common factor of 34 and k.
34
Let n = -738 + 747. What is the greatest common factor of 33 and n?
3
Let v be -12*3 - 1/(-1). Let d = v + 119. Let m be 47/4 - (-2)/8. What is the greatest common divisor of m and d?
12
Suppose -3*o + 384 = -4*c + 72, 2*o = -c + 208. Let a = o - 103. Calculate the highest common factor of a and 1.
1
Let d = 94 + -78. Let q(m) = 56*m**2 + m - 1. Let p be q(1). Calculate the highest common divisor of d and p.
8
Suppose -1005*u + 1014*u = 5130. Calculate the greatest common factor of 15 and u.
15
Let m(g) = 66*g**3 + g - 1. Let s be m(1). Let r = 49 - 45. Suppose 2*a = -r + 16. Calculate the greatest common divisor of s and a.
6
Suppose 2*s = b - 14, 0 = 2*b + s - 0*s - 48. Let a be 2776/b + 4/(-22). Calculate the greatest common factor of 18 and a.
18
Suppose -2*r = 4*c - 96, 5*c + 4*r = -0*r + 120. Suppose 66 = 6*u - c. What is the highest common divisor of u and 3?
3
Let q be (3/(-2))/((-27)/540). What is the highest common divisor of q and 30?
30
Let s(n) = 12*n - 16. Let o be s(5). Let z = o - 32. Suppose -5*i + 3*c + 309 = 0, -3*i + 5*c = i - 255. What is the greatest common divisor of i and z?
12
Suppose -2*i + 0*i = -20. Suppose -x = 3*x - 532. Let f = -53 + x. What is the highest common divisor of f and i?
10
Let a(t) = 3*t + 19. Let x be a(-5). Suppose 35 - 147 = -x*i. Calculate the greatest common divisor of 4 and i.
4
Let p = 39 + -34. Suppose p*d = 12*d - 315. Calculate the greatest common factor of d and 5.
5
Suppose 6962 = 69*o - 6493. What is the highest common divisor of o and 273?
39
Suppose -6*b - 104 = -8*b. Let g = b + -30. Suppose 0 = 2*q - 3*k - 26 + 2, 5*q = -2*k + g. What is the highest common factor of q and 15?
3
Suppose -20*z - 8*z + 728 = 0. What is the greatest common divisor of 130 and z?
26
Suppose -5*g + i + 3646 = 0, 12 = 54*i - 51*i. Calculate the highest common factor of g and 20.
10
Suppose 4*o - 85 = 111. Suppose -4*c + 3*v = -o, -v - v = 2*c - 28. Suppose 105*m - 13 = 104*m. Calculate the highest common divisor of m and c.
13
Let y(d) = -22*d. Let o be y(-1). Suppose 76*i = 75*i + 33. What is the greatest common factor of o and i?
11
Suppose 0 = -6*u + u + 75. Suppose -4*c + 529 = c - 4*s, 3*s = -c + 102. What is the highest common factor of u and c?
15
Let r(h) = -2*h**3 - 4*h**2 + 2*h - 3. Let i be r(-3). Let p = 61 - -38. What is the greatest common factor of i and p?
9
Suppose -b = p + 4*b - 6, 0 = -p + 3*b - 2. Let r(h) = 3*h**2 + 7*h + 8. Let d be r(-4). Let c = -19 + d. Calculate the highest common factor of p and c.
1
Let x be 14/(-2)*-1*10. Suppose -x = -v - 2*v + 2*y, 2*v + y - 49 = 0. Calculate the greatest common divisor of 36 and v.
12
Let s(f) = -3*f. Suppose 0 = 2*n + 2. Let p be s(n). Suppose 5*y + 0*y - 10 = 5*r, -21 = -2*r - 3*y. Calculate the greatest common factor of r and p.
3
Suppose 0 = -41*o + 46*o - 280. Suppose 0*w = -w, b + 3*w = o. Calculate the highest common factor of b and 42.
14
Let g(w) = 12*w - 4. Let u be g(7). Suppose 5*c - 5*a = u, 5*c - 87 - 29 = -4*a. Let t = -40 + 80. What is the highest common factor of t and c?
20
Let x = -36 - -41. Suppose -5*b + 35 = x*a - 3*a, -5*a = 2*b - 56. Let h be (-1 + -74)*(-2)/3. Calculate the highest common factor of h and a.
10
Let d be 2*(48/26 + 12/78). Let j = 1 - -3. Suppose 2*t = j*i - 66, -3*i = -d*i - 2*t + 9. Calculate the highest common factor of i and 165.
15
Suppose 9*s - 21*s + 72 = 0. Calculate the highest common factor of s and 8.
2
Suppose 0 = -3*b + 22*b - 2394. What is the greatest common divisor of b and 14?
14
Let s be ((-874)/(-69))/((-2)/(-15)). What is the highest common divisor of s and 76?
19